- 1).
10
Calculate 21 + -16 + 1 + -6 + 1.
1
What is (-3 - -4 - (14 + -7)) + 2?
-4
(7 - 13 - 1) + 7
0
What is the value of -16 + 10 + (11 - 0)?
5
What is the value of -2 - (-1 - (6 + -4) - -1)?
0
Evaluate 10 + -6 + 0 + 1 - 0.
5
-6 - ((-12 - -2) + 2)
2
-7 + (-4 - (-2 - 10))
1
Calculate 15 + (1 - 6) - 4.
6
Evaluate -3 - (-3 - (3 - 2)).
1
Calculate -1 + -2 + 5 + 0 + -1.
1
What is the value of 7 - (4 - 3 - -7)?
-1
What is -7 + (2 - (1 + 0)) + 1?
-5
What is 3 - (7 - 2) - (-6 - -9)?
-5
What is -8 - (-4 + 3 + -1 - 4)?
-2
What is the value of -1 - (2 + 6 - 5)?
-4
-1 + (-1 - 1) + -1
-4
What is the value of -66 + 55 - (-2 + -13)?
4
Evaluate (-4 - -6 - -5) + (1 - 3).
5
What is the value of (-6 + 10 - (1 - -7)) + 9?
5
Calculate -36 + 28 - (-3 + -1).
-4
Calculate 5 - (7 - 5 - -6).
-3
(-9 - -13) + -8 - -7
3
Calculate (-5 - (-2 - 2)) + -4.
-5
What is (-1 - ((2 - 6) + 1)) + -5?
-3
Calculate -3 + 1 + 0 + 3.
1
What is 3 - 1 - (10 + (-5 - 0))?
-3
Evaluate (-3 - -6 - 2 - 4) + 8.
5
What is the value of 3 - (1 - -1) - (-2 - -1)?
2
7 + -6 + (2 - -1)
4
What is -2 + 1 + 11 + -5?
5
What is the value of -11 + 0 + 4 + (-4 - -11)?
0
0 + 3 - (-5 - -7)
1
What is 6 - (0 - (4 + -5))?
5
Calculate (4 + -3 - (2 - 2)) + -4.
-3
Calculate (4 - 0) + 4 + -8.
0
Evaluate (-8 - 8) + 8 + 8.
0
4 + -9 - -8 - 6
-3
What is (-1 - -3 - (-16 + 16)) + -5?
-3
9 - (6 + 5 + -6)
4
What is (5 - -1) + -3 - (5 - 7)?
5
What is 1 + -3 + 0 + 4 + 2?
4
What is the value of 6 + 1 + 2 - 15?
-6
What is -5 - (-4 + (5 - 2) - 1)?
-3
Calculate -3 + -1 - (5 + -20 - -8).
3
(3 - 6) + 13 + -5
5
-2 + (-8 + 10 - 4)
-4
What is the value of (1 - (0 - 3)) + 0?
4
Calculate -1 - -2 - (2 + (-4 - 0)).
3
Evaluate 1 + 1 + (11 - (18 + -8)).
3
Evaluate -1 + -1 + 35 + -34.
-1
What is 8 - (-3 + 4) - 5?
2
What is the value of (-1 - -2) + (2 - (-9 + 9))?
3
What is 2 + 4 + 0 + -2?
4
(0 - (-2 + 1)) + 1 + -3
-1
Evaluate -2 + 2 - ((0 - 2) + 3).
-1
What is (13 - 14) + (1 - -6)?
6
Evaluate -2 - 1 - (3 - 11).
5
7 + -4 + 1 + -1
3
Evaluate 4 - (-4 + 7) - 3 - -3.
1
11 - 7 - -4 - (10 + 1)
-3
Calculate -14 - (-7 + -16) - 11.
-2
Evaluate -5 - (1 + -6 + 1).
-1
Evaluate 5 + -5 - (6 + -2).
-4
What is the value of 8 + 7 + -18 - -9?
6
What is the value of -63 - -65 - (-1 - (3 + -2))?
4
What is the value of 2 + (4 - 5 - (0 + 0))?
1
What is (-4 - -8) + -11 + 12?
5
Evaluate (-10 - -6) + 9 + -1 + 0.
4
What is the value of -2 + -7 + 6 + 6 + -9?
-6
What is 4 + (-2 - (-4 + 1))?
5
What is (2 - -4 - (-3 + 7)) + 5?
7
Evaluate (3 + -3 - -4) + -4.
0
What is the value of (2 - 0) + -2 - (3 + -3)?
0
What is -1 - (-1 + 4 + 4 + -11)?
3
What is 1 + (-1 - 3) + -2?
-5
-3 + (1 - 2) - -3 - -4
3
What is 2 + 0 + -2 + 8 - 0?
8
Evaluate 1 - ((-5 - 5) + 7).
4
Evaluate 6 - (5 - 0) - -4.
5
Calculate (-1 - 0) + 1 + -2 - -5.
3
What is 10 + 6 + -9 - 10?
-3
Evaluate 3 - 1 - (-8 - -6).
4
What is (-17 - -16) + -1 + (-2 - -2)?
-2
Calculate -2 - (2 - 7) - (-2 + 0).
5
What is the value of 4 + -8 - (-3 - 1)?
0
Evaluate 1 - 5 - -6 - (2 - -1).
-1
What is 16 - ((-9 - -15) + 0)?
10
Calculate -1 - (3 - (1 + -1 - 1)).
-5
Calculate 0 - ((-3 - (-13 + 3)) + -4).
-3
What is the value of 6 + (-5 - 1 - (-5 - -2))?
3
Evaluate 1 - (3 + (-2 - 0) - 3).
3
What is the value of -2 - ((4 - 4 - 0) + 3)?
-5
(8 - (2 - 1)) + -1
6
What is the value of (1 - 1) + 4 - (-26 + 25)?
5
-1 - -3 - (5 - 2)
-1
What is -2 + 10 + -6 + 5?
7
What is the value of 7 - 1 - (8 - (1 + 4))?
3
Evaluate 4 + 7 + -1 + -2 + -2.
6
Calculate -6 - (-5 + (7 - 6)).
-2
What is (-36 - -38) + (-3 - -1)?
0
Calculate -2 - (-2 - 3) - (-5 - -9).
-1
What is the value of 6 + 1 + 41 + -49?
-1
-10 - (1 - (17 + 1))
7
Evaluate -3 - (-4 + 4) - 1.
-4
Evaluate -3 + (-1 - -1) + (2 - -3).
2
Calculate (-2 - -1) + -4 + 5.
0
What is 3 + (8 - 5) - (5 - 2)?
3
What is 0 + -4 + -4 + 4 - 2?
-6
-2 - 1 - (-7 - 0)
4
Evaluate 31 + -41 + -1 + 18.
7
What is 6 - 3 - 11 - (-2 - 5)?
-1
What is -1 + 0 - (-4 + (0 - -4))?
-1
Evaluate 5 + -1 + -10 + 0.
-6
Calculate (-3 - -9 - 11) + 7.
2
What is 2 + 0 + -7 + 4?
-1
What is the value of -7 + -1 + 19 - 8?
3
Evaluate 0 + -1 - (-12 - -16).
-5
-7 - (-3 - 1) - (-1 + 3)
-5
Calculate (0 - -1) + 1 + -2 + 1.
1
What is -1 + -4 - (30 - 35)?
0
Evaluate 2 - -3 - (3 - 6 - -3).
5
(0 - (-1 + 1)) + -2 + 0
-2
1 - 0 - (-3 - -2 - 4)
6
0 + (-2 - -6) + -3 + 1
2
8 + -1 + -3 + -8
-4
Evaluate 1 + 0 + 1 - (-1 + -2).
5
Evaluate (-1 - (3 - (7 + -11))) + -3.
-11
What is the value of -29 + 25 + -3 + 11 - -3?
7
What is -1 + 3 + (24 - 29)?
-3
Calculate 3 - (6 + (-1 - 3)).
1
Evaluate (0 - -2 - 1) + (-1 - -5).
5
Calculate -4 - -7 - -4 - 4.
3
What is the value of (3 - -4) + 6 + -6?
7
Evaluate (-3 - 1) + -100 + 98.
-6
What is (8 - 11 - 2) + -4?
-9
Calculate 6 - (0 + (-1 + 4 - 0)).
3
Evaluate -25 - -28 - (-1 + 0) - 0.
4
What is the value of -3 + -2 + 8 - 2?
1
-12 + -3 + 17 + -4
-2
Calculate (-1 - -17) + (1 - 10).
7
What is -4 + -4 + (14 - -3)?
9
2 - (2 + 2) - (0 - 8)
6
Calculate -1 - -6 - (7 - (8 + -2)).
4
What is the value of 0 - (5 + -8 - -4)?
-1
Calculate 0 + (1 + -2 - (-2 - -3)).
-2
Evaluate -6 + 0 - (8 - 8).
-6
What is the value of -3 + -3 + 1 - -2?
-3
What is the value of -4 + (5 - (5 + -3))?
-1
What is the value of -6 + -14 - -15 - (-11 - 1)?
7
Calculate -5 - (-10 + (-10 - -4)) - 0.
11
Calculate (8 - 6) + (2 - 5).
-1
Calculate 8 + -4 - (9 - -1) - -1.
-5
What is -8 - (19 - 11 - 10)?
-6
Calculate (2 + -6 - (1 - 8)) + -3.
0
What is the value of (-7 - -4) + -1 + 0 + -1?
-5
What is -1 + (1 - -4) + -159 + 149?
-6
What is 1 - 2 - -4 - 7?
-4
Evaluate 0 + (1 - 0) + 2 + 1.
4
Evaluate 12 - (5 + -9 + 26).
-10
4 + -7 + -3 + 5
-1
-2 + (0 - 4 - -5 - 5)
-6
What is the value of (-76 - -76) + 0 + 0?
0
Calculate 4 + (7 - 0 - 3 - 14).
-6
Calculate 2 + (-4 - (5 + -7)) - 2.
-2
Evaluate 10 + -5 + 0 - 2.
3
2 - 9 - -7 - 1
-1
11 + 1 + -2 + -16
-6
What is 3 - (7 - 3 - -2)?
-3
-3 + (6 + -3 - 2) + -1
-3
Evaluate -9 - -6 - (0 + (1 - 8)).
4
Calculate -10 - -2 - (0 - 3) - -2.
-3
What is (2 - 2) + (-22 - -19)?
-3
Calculate (8 - 2) + (23 - 30).
-1
What is 7 + (2 - 8) - -5?
6
(5 - 10) + 2 + 0 + 3
0
What is the value of 10 - (4 + -6 + 4 - -1)?
7
Calculate 5 + (-8 - -4) - 4 - -4.
1
Evaluate (-14 - -8) + (-2 - -3).
-5
3 + (-8 + -4 - -3) + 0
-6
What is 9 + (8 - 3) + -17?
-3
Evaluate 8 + -5 + 7 + -6.
4
What is the value of -4 - -4 - (1 - 1 - 0)?
0
What is -6 - -3 - ((-1 - -4) + -2)?
-4
Evaluate 11 + (-4 - 0) - (8 + -6).
5
What is the value of (-6 - -3 - 4 - -11) + 4?
8
What is the value of -6 + -1 + (8 - (9 - 3))?
-5
-6 - (-3 + (-7 - -5))
-1
Calculate 0 - ((-7 - 0) + -17 + 22).
2
Calculate 5 + (-4 - (5 - 9)).
5
What is -4 - (-9 - 2) - 0?
7
What is the value of 5 + -4 - -7 - 5?
3
What is (-3 + 6 - 5) + -1 - -2?
-1
Evaluate -12 + -1 + 6 - -5.
-2
5 + (1 + 7 - 17)
-4
Calculate (12 - 17) + 2 - 4.
-7
What is the value of 1 + -3 - (-2 - 2)?
2
Evaluate 7 + (-2 - 2) - 2.
1
What is 5 + -2 - 1 - 3 - 5?
-6
What is the value of (-1 - 0) + (-12 - -16)?
3
-3 + 0 + -1 - (-4 + 5)
-5
Evaluate (3 - 1) + (-18 - -22) + 1.
7
Evaluate -3 + 2 + 5 + -5.
-1
Evaluate 2 + (-9 - -4) + 2.
-1
What is -15 + 0 + 50 + -40?
-5
What is the value of 9 - (2 + 11 - 0)?
-4
-5 + (-1 + 0 - 0) + 4
-2
Calculate -2 - 0 - (39 + -42).
1
Calculate 4 - (0 + -1) - 4 - 1.
0
2 + (4 - (2 + 5)) + 4
3
What is 5 + -4 + (-2 - (0 + 0))?
-1
What is the value of (-3 + 0 - -5) + 3 + -2?
3
What is the value of 4 + (3 - (4 - 0))?
3
What is the value of (7 - 11) + -1 + (3 - 1)?
-3
Evaluate 38 + -36 + (1 - 0 - -1).
4
-5 + -2 + 9 + -1
1
What is the value of 1 - (-3 - -5 - -1 - 7)?
5
-14 - (2 + -1 + -5 + -2)
-8
Calculate -5 + 5 + (5 - 0).
5
What is (-6 - -7) + (-1 - (-9 + 6))?
3
-9 - (6 + (-14 - 4 - -7))
-4
Calculate (-4 - (-3 - -2)) + 3 - 1.
-1
What is 1 + -3 + -1 - 1?
-4
Calculate -4 + 10 + (2 - 6).
2
Calculate 2 - (-1 + 9) - -4.
-2
Calculate 0 - (2 - 3) - (-16 + 18).
-1
Evaluate 0 - (5 + (3 - 0) + -5).
-3
What is -3 - -1 - (4 - -3)?
-9
Evaluate -1 + (1 - -1) - (-40 + 37).
4
What is the value of -4 + (6 + -1 - 2) + -3?
-4
Evaluate 3 + -5 + 3 - -1.
2
What is (-8 - -4 - -4) + 1 - 3?
-2
5 + (2 - (-3 + 4 - -2))
4
What is (0 - 6 - 1) + 6?
-1
Calculate -38 + 30 + 1 + 3.
-4
Evaluate 3 + -4 + -1 + -3.
-5
What is 9 - 8 - (0 + -2 + 6)?
-3
Evaluate 7 - (3 - (-4 + 1)).
1
What is the value of -12 - (-11 + (1 - -2))?
-4
Evaluate -1 + (-8 - (-1 - (-4 + 4))).
-8
Evaluate 1 + (0 - 